{"id":8401,"date":"2024-09-03T11:00:30","date_gmt":"2024-09-03T09:00:30","guid":{"rendered":"https:\/\/pianeta.extrawebapp.it\/formazione\/?page_id=8401"},"modified":"2025-02-26T12:25:46","modified_gmt":"2025-02-26T11:25:46","slug":"gestire-e-far-crescere-limpresa-controllo-di-gestione-finanza-agevolata-e-fondamenti-di-pianificazione-strategica","status":"publish","type":"page","link":"https:\/\/pianeta.extrawebapp.it\/formazione\/competenze-imprenditoriali-per-loccupabilita-ladattabilita-e-la-creazione-dimpresa-2\/gestire-e-far-crescere-limpresa-controllo-di-gestione-finanza-agevolata-e-fondamenti-di-pianificazione-strategica\/","title":{"rendered":"Gestire e far crescere l\u2019impresa \u2013 Controllo di gestione, finanza agevolata e fondamenti di pianificazione strategica"},"content":{"rendered":"<section class=\"wpb-content-wrapper\"><p>[vc_row][vc_column][vc_single_image image=&#8221;9003&#8243; img_size=&#8221;full&#8221; alignment=&#8221;center&#8221;][vc_empty_space][\/vc_column][\/vc_row][vc_row type=&#8221;vc_default&#8221; gap=&#8221;35&#8243; equal_height=&#8221;yes&#8221; content_placement=&#8221;middle&#8221;][vc_column]<div id=\"ultimate-heading-239369f9e6ddbb321\" class=\"uvc-heading ult-adjust-bottom-margin ultimate-heading-239369f9e6ddbb321 uvc-2203  uvc-heading-default-font-sizes\" data-hspacer=\"no_spacer\"  data-halign=\"left\" style=\"text-align:left\"><div class=\"uvc-heading-spacer no_spacer\" style=\"top\"><\/div><div class=\"uvc-main-heading ult-responsive\"  data-ultimate-target='.uvc-heading.ultimate-heading-239369f9e6ddbb321 h2'  data-responsive-json-new='{\"font-size\":\"\",\"line-height\":\"\"}' ><h2 style=\"--font-weight:theme;\">Gestire e far crescere l\u2019impresa \u2013 Controllo di gestione, finanza agevolata e fondamenti di pianificazione strategica<\/h2><\/div><\/div>[vc_separator color=&#8221;custom&#8221; border_width=&#8221;2&#8243; accent_color=&#8221;#333333&#8243;][\/vc_column][\/vc_row][vc_row type=&#8221;vc_default&#8221;][vc_column offset=&#8221;vc_col-lg-12 vc_col-md-12 vc_col-xs-12&#8243; css=&#8221;.vc_custom_1588148380388{margin-bottom: 50px !important;}&#8221;][vc_single_image image=&#8221;9099&#8243; img_size=&#8221;full&#8221; alignment=&#8221;center&#8221;][vc_single_image image=&#8221;8916&#8243; img_size=&#8221;large&#8221; alignment=&#8221;center&#8221;][vc_column_text]<\/p>\n<div class=\"elementor-element elementor-element-47fe470 elementor-widget elementor-widget-heading\" data-id=\"47fe470\" data-element_type=\"widget\" data-widget_type=\"heading.default\">\n<div class=\"elementor-widget-container\">\n<div class=\"elementor-element elementor-element-32cbee5 elementor-widget elementor-widget-text-editor\" data-id=\"32cbee5\" data-element_type=\"widget\" data-widget_type=\"text-editor.default\">\n<div class=\"elementor-widget-container\">\n<p>Operazione Rif. PA 2024-21199\/RER approvata con Delibera di Giunta Regionale DGR n. 1133\/2024 del 17\/06\/2024 e realizzata grazie ai Fondi Europei della Regione Emilia-Romagna<\/p>\n<\/div>\n<\/div>\n<div class=\"elementor-element elementor-element-42e794a elementor-widget elementor-widget-heading\" data-id=\"42e794a\" data-element_type=\"widget\" data-widget_type=\"heading.default\">\n<div class=\"elementor-widget-container\">\n<h3>Scadenza Iscrizioni:\u00a0 17 Febbraio 2025<\/h3>\n<h2>Calendario Corso<\/h2>\n<p>11\/03\/2025 \u2013 18.00-22.00<\/p>\n<p>18\/03\/2025 \u2013 18.30-21.30<\/p>\n<p>25\/03\/2025 \u2013 18.30-21.30<\/p>\n<p>01\/04\/2025 \u2013 18.30-21.30<\/p>\n<p>08\/04\/2025 \u2013 18.30-21.30<\/p>\n<p>15\/04\/2025 \u2013 18.30-21.30<\/p>\n<p>22\/04\/2025 \u2013 18.30-21.30<\/p>\n<p>29\/04\/2025 \u2013 18.30-21.30<\/p>\n<p>06\/05\/2025 \u2013 18.30-21.30<\/p>\n<p>13\/05\/2025 \u2013 18.30-21.30<\/p>\n<p>20\/05\/2025 \u2013 18.30-21.30<\/p>\n<p>27\/05\/2025 \u2013 18.30-21.30<\/p>\n<p>03\/06\/2025 \u2013 18.30-21.30<\/p>\n<h2 class=\"elementor-heading-title elementor-size-default\">Descrizione del profilo<\/h2>\n<div class=\"elementor-element elementor-element-05c2e32 elementor-widget elementor-widget-text-editor\" data-id=\"05c2e32\" data-element_type=\"widget\" data-widget_type=\"text-editor.default\">\n<div class=\"elementor-widget-container\">\n<p><span class=\"S1PPyQ\">Il corso si rivolge a persone che \u2013 sulla base di aspettative, inclinazione o attitudine personale \u2013 intendano acquisire e\/o accrescere competenze imprenditoriali funzionali all\u2019avvio e al consolidamento di percorsi di creazione d impresa, riconducibili alla classificazione EntreComp \u201cGESTIRE LE RISORSE\u201d: OTTENERE E GESTIRE LE RISORSE NECESSARIE e SVILUPPARE COMPETENZE FINANZIARIE ED ECONOMICHE, con specifico riferimento ai seguenti ambiti: Controllo di gestione, Pianificazione strategica, Finanza agevolata. Possono partecipare al percorso formativo persone che risultino residenti o domiciliate in regione Emilia-Romagna in data antecedente l\u2019iscrizione alle attivit\u00e0. A fini dell\u2019ammissione al corso, la condizione occupazionale non \u00e8 rilevante. <\/span><\/p>\n<\/div>\n<\/div>\n<div class=\"elementor-element elementor-element-46e1767 elementor-widget elementor-widget-heading\" data-id=\"46e1767\" data-element_type=\"widget\" data-widget_type=\"heading.default\">\n<div class=\"elementor-widget-container\">\n<h2 class=\"elementor-heading-title elementor-size-default\">Contenuti del percorso<\/h2>\n<\/div>\n<\/div>\n<div class=\"elementor-element elementor-element-f38516b elementor-widget elementor-widget-text-editor\" data-id=\"f38516b\" data-element_type=\"widget\" data-widget_type=\"text-editor.default\">\n<div class=\"elementor-widget-container\">\n<div class=\"flex flex-grow flex-col max-w-full\">\n<div class=\"min-h-[20px] text-message flex w-full flex-col items-end gap-2 whitespace-pre-wrap break-words [.text-message+&amp;]:mt-5 overflow-x-auto\" dir=\"auto\" data-message-author-role=\"assistant\" data-message-id=\"a3f54d70-1795-423e-bb58-97e025774902\">\n<div class=\"flex w-full flex-col gap-1 empty:hidden first:pt-[3px]\">\n<div class=\"markdown prose w-full break-words dark:prose-invert dark\">\n<p>A fini di personalizzazione dell\u2019offerta formativa, i contenuti di dettaglio verranno definiti in fase di avvio delle singole edizioni, sulla base dei fabbisogni dei singoli partecipanti e del gruppo classe.<\/p>\n<p>Macro-contenuti di riferimento:<\/p>\n<p>CONTROLLO DI GESTIONE<\/p>\n<ul>\n<li>Reporting periodico e analisi degli scostamenti rispetto agli obiettivi di budget<\/li>\n<li>Manovre correttive<\/li>\n<li>Costruzione di un sistema di indicatori (KPI) in grado di fornire una panoramica dell\u2019andamento aziendale<\/li>\n<li>Principi e caratteristiche del controllo di gestione contabile e industriale<\/li>\n<\/ul>\n<p>PIANIFICAZIONE STRATEGICA<\/p>\n<ul>\n<li>Individuare le attivit\u00e0 a valore aggiunto<\/li>\n<li>La gestione efficace del preventivo<\/li>\n<li>Apprendere dal passato e dai competitor<\/li>\n<li>La definizione degli obiettivi di sviluppo<\/li>\n<\/ul>\n<p>FINANZA AGEVOLATA<\/p>\n<ul>\n<li>Le fonti e i canali di finanziamento disponibili in relazione agli asset di sviluppo aziendale<\/li>\n<li>Le figure professionali e i soggetti istituzionali di supporto<\/li>\n<\/ul>\n<\/div>\n<\/div>\n<\/div>\n<\/div>\n<\/div>\n<\/div>\n<div class=\"elementor-element elementor-element-998da78 elementor-widget elementor-widget-heading\" data-id=\"998da78\" data-element_type=\"widget\" data-widget_type=\"heading.default\">\n<div class=\"elementor-widget-container\">\n<h2 class=\"elementor-heading-title elementor-size-default\">Attestato<\/h2>\n<\/div>\n<\/div>\n<div class=\"elementor-element elementor-element-67fef90 elementor-widget elementor-widget-text-editor\" data-id=\"67fef90\" data-element_type=\"widget\" data-widget_type=\"text-editor.default\">\n<div class=\"elementor-widget-container\">\n<p><span class=\"S1PPyQ\">Al termine del percorso formativo verr\u00e0 rilasciato un attestato di frequenza.<\/span><\/p>\n<\/div>\n<\/div>\n<div class=\"elementor-element elementor-element-135c164 elementor-widget elementor-widget-heading\" data-id=\"135c164\" data-element_type=\"widget\" data-widget_type=\"heading.default\">\n<div class=\"elementor-widget-container\">\n<h2 class=\"elementor-heading-title elementor-size-default\">Requisiti e Destinatari<\/h2>\n<\/div>\n<\/div>\n<div class=\"elementor-element elementor-element-2312e7e elementor-widget elementor-widget-text-editor\" data-id=\"2312e7e\" data-element_type=\"widget\" data-widget_type=\"text-editor.default\">\n<div class=\"elementor-widget-container\">\n<p><span class=\"S1PPyQ\">Possono partecipare al percorso formativo persone che risultino residenti o domiciliate in regione Emilia-Romagna in data antecedente l\u2019iscrizione alle attivit\u00e0.<br \/>\nA fini dell\u2019ammissione al corso, la condizione occupazionale non \u00e8 rilevante.<\/span><\/p>\n<p>Trattandosi di un percorso di livello avanzato, che permette l\u2019acquisizione di capacit\u00e0 e abilit\u00e0 tecniche e operative necessarie per avviare e consolidare percorsi di creazione d\u2019impresa, si ritene necessario che i partecipanti possiedano buone competenze di utilizzo del pc e fondamenti e fondamenti di organizzazione aziendale\/gestione d\u2019impresa.<\/p>\n<\/div>\n<\/div>\n<div class=\"elementor-element elementor-element-1496d7e elementor-widget elementor-widget-heading\" data-id=\"1496d7e\" data-element_type=\"widget\" data-widget_type=\"heading.default\">\n<div class=\"elementor-widget-container\">\n<h2 class=\"elementor-heading-title elementor-size-default\">Modalit\u00e0 di Selezione<\/h2>\n<\/div>\n<\/div>\n<div class=\"elementor-element elementor-element-1093364 elementor-widget elementor-widget-text-editor\" data-id=\"1093364\" data-element_type=\"widget\" data-widget_type=\"text-editor.default\">\n<div class=\"elementor-widget-container\">\n<p class=\"_04xlpA direction-ltr align-justify para-style-title\"><span class=\"S1PPyQ\">Dopo aver riverificato la sussistenza dei requisiti formali esaminando la documentazione, l\u2019Ente attuatore dell\u2019edizione proceder\u00e0 alla verifica dei requisiti sostanziali, attraverso la somministrazione di test a risposta multipla finalizzati a verificare il possesso delle competenze richieste in ingresso, vale a dire di buone competenze nell\u2019utilizzo del pc e fondamenti nell\u2019ambito dell\u2019amministrazione d\u2019azienda. In caso il numero di richieste superi i posti disponibili, verr\u00e0 data priorit\u00e0 alle persone che \u2013 ad es. in esito al Progetto 4 \u2013 debbano perfezionare e\/o attuare le strategie di Controllo di gestione, finanza agevolata e pianificazione strategica relative alla propria Business Idea o Start-up. Successivi criteri di priorit\u00e0: disoccupazione, titolo di studio basso, data di iscrizione. Il corso sar\u00e0 attivato al raggiungimento di minimo 8 partecipanti ammissibili ed \u00e8 aperto a massimo indicativo di 12 partecipanti.<\/span><\/p>\n<\/div>\n<\/div>\n<\/div>\n<\/div>\n<\/div>\n<\/div>\n<p>[\/vc_column_text][\/vc_column][\/vc_row][vc_row][vc_column][vc_column_text]<\/p>\n<h2 style=\"text-align: center;\"><a href=\"https:\/\/pianeta.extrawebapp.it\/formazione\/wp-content\/uploads\/sites\/6\/2024\/10\/Competenze-imprenditoriali-Rif.Pa-2024-21199-Prog.8-1.pdf\"><span style=\"color: #0000ff;\"><strong>SCARICA LA LOCANDINA DEL CORSO<\/strong><\/span><\/a><\/h2>\n<p>[\/vc_column_text][\/vc_column][\/vc_row][vc_row type=&#8221;vc_default&#8221;][vc_column offset=&#8221;vc_col-lg-12 vc_col-md-12 vc_col-xs-12&#8243; css=&#8221;.vc_custom_1588148380388{margin-bottom: 50px !important;}&#8221;][vc_column_text]<\/p>\n<hr \/>\n<p>Per ulteriori informazioni rivolgersi a:<\/p>\n<p>Dott.ssa Rosa Anna Casalino \u2013 Dott.ssa Pamela Cafagna<br \/>\nTel. 0547-1825179<br \/>\nE-mail:\u00a0<a href=\"mailto:rosaanna.casalino@pianetasicurezza.it\">rosaanna.casalino@pianetasicurezza.it<\/a>\u00a0\u2013\u00a0<a href=\"mailto:pamela.cafagna@pianetasicurezza.it\">pamela.cafagna@pianetasicurezza.it<\/a>[\/vc_column_text][vc_single_image image=&#8221;9059&#8243; img_size=&#8221;large&#8221; alignment=&#8221;center&#8221;][\/vc_column][\/vc_row]<\/p>\n<\/section>","protected":false},"excerpt":{"rendered":"<p>[vc_row][vc_column][vc_single_image image=&#8221;9003&#8243; img_size=&#8221;full&#8221; alignment=&#8221;center&#8221;][vc_empty_space][\/vc_column][\/vc_row][vc_row type=&#8221;vc_default&#8221; gap=&#8221;35&#8243; equal_height=&#8221;yes&#8221; content_placement=&#8221;middle&#8221;][vc_column][vc_separator color=&#8221;custom&#8221; border_width=&#8221;2&#8243; accent_color=&#8221;#333333&#8243;][\/vc_column][\/vc_row][vc_row type=&#8221;vc_default&#8221;][vc_column offset=&#8221;vc_col-lg-12 vc_col-md-12 vc_col-xs-12&#8243; css=&#8221;.vc_custom_1588148380388{margin-bottom: 50px !important;}&#8221;][vc_single_image image=&#8221;9099&#8243; img_size=&#8221;full&#8221;&hellip;<\/p>\n","protected":false},"author":6,"featured_media":0,"parent":9107,"menu_order":49,"comment_status":"closed","ping_status":"closed","template":"","meta":{"_acf_changed":false,"inline_featured_image":false,"_lmt_disableupdate":"no","_lmt_disable":"","footnotes":""},"class_list":["post-8401","page","type-page","status-publish","hentry","description-off"],"acf":[],"yoast_head":"<!-- This site is optimized with the Yoast SEO plugin v21.2 - https:\/\/yoast.com\/wordpress\/plugins\/seo\/ -->\n<title>Gestire e far crescere l\u2019impresa<\/title>\n<meta name=\"description\" content=\"Formazione gratutia - Donne - Competenze Digitali - InformaticaIl corso \u00e8 rivolto a rivolto a imprenditori, professionisti vari, responsabili SGQ, HSE, tecnici ambientali, responsabili dei processi aziendali interessati ad acquisire competenze utili ad introdurre\/applicare sistemi di gestione della sostenibilit\u00e0 ambientale\/meccanismi di gestione integrata sostenibile di politiche aziendali per la qualit\u00e0.\" \/>\n<meta name=\"robots\" content=\"index, follow, max-snippet:-1, max-image-preview:large, max-video-preview:-1\" \/>\n<link rel=\"canonical\" href=\"https:\/\/www.pianetasicurezza.it\/formazione\/competenze-imprenditoriali-per-loccupabilita-ladattabilita-e-la-creazione-dimpresa-2\/gestire-e-far-crescere-limpresa-controllo-di-gestione-finanza-agevolata-e-fondamenti-di-pianificazione-strategica\/\" \/>\n<meta property=\"og:locale\" content=\"it_IT\" \/>\n<meta property=\"og:type\" content=\"article\" \/>\n<meta property=\"og:title\" content=\"Gestire e far crescere l\u2019impresa\" \/>\n<meta property=\"og:description\" content=\"Formazione gratutia - Donne - Competenze Digitali - InformaticaIl corso \u00e8 rivolto a rivolto a imprenditori, professionisti vari, responsabili SGQ, HSE, tecnici ambientali, responsabili dei processi aziendali interessati ad acquisire competenze utili ad introdurre\/applicare sistemi di gestione della sostenibilit\u00e0 ambientale\/meccanismi di gestione integrata sostenibile di politiche aziendali per la qualit\u00e0.\" \/>\n<meta property=\"og:url\" content=\"https:\/\/www.pianetasicurezza.it\/formazione\/competenze-imprenditoriali-per-loccupabilita-ladattabilita-e-la-creazione-dimpresa-2\/gestire-e-far-crescere-limpresa-controllo-di-gestione-finanza-agevolata-e-fondamenti-di-pianificazione-strategica\/\" \/>\n<meta property=\"og:site_name\" content=\"Formazione | Pianeta Sicurezza Srl\" \/>\n<meta property=\"article:modified_time\" content=\"2025-02-26T11:25:46+00:00\" \/>\n<meta name=\"twitter:card\" content=\"summary_large_image\" \/>\n<meta name=\"twitter:label1\" content=\"Tempo di lettura stimato\" \/>\n\t<meta name=\"twitter:data1\" content=\"4 minuti\" \/>\n<script type=\"application\/ld+json\" class=\"yoast-schema-graph\">{\"@context\":\"https:\/\/schema.org\",\"@graph\":[{\"@type\":\"WebPage\",\"@id\":\"https:\/\/www.pianetasicurezza.it\/formazione\/competenze-imprenditoriali-per-loccupabilita-ladattabilita-e-la-creazione-dimpresa-2\/gestire-e-far-crescere-limpresa-controllo-di-gestione-finanza-agevolata-e-fondamenti-di-pianificazione-strategica\/\",\"url\":\"https:\/\/www.pianetasicurezza.it\/formazione\/competenze-imprenditoriali-per-loccupabilita-ladattabilita-e-la-creazione-dimpresa-2\/gestire-e-far-crescere-limpresa-controllo-di-gestione-finanza-agevolata-e-fondamenti-di-pianificazione-strategica\/\",\"name\":\"Gestire e far crescere l\u2019impresa\",\"isPartOf\":{\"@id\":\"https:\/\/www.pianetasicurezza.it\/formazione\/#website\"},\"datePublished\":\"2024-09-03T09:00:30+00:00\",\"dateModified\":\"2025-02-26T11:25:46+00:00\",\"description\":\"Formazione gratutia - Donne - Competenze Digitali - InformaticaIl corso \u00e8 rivolto a rivolto a imprenditori, professionisti vari, responsabili SGQ, HSE, tecnici ambientali, responsabili dei processi aziendali interessati ad acquisire competenze utili ad introdurre\/applicare sistemi di gestione della sostenibilit\u00e0 ambientale\/meccanismi di gestione integrata sostenibile di politiche aziendali per la qualit\u00e0.\",\"breadcrumb\":{\"@id\":\"https:\/\/www.pianetasicurezza.it\/formazione\/competenze-imprenditoriali-per-loccupabilita-ladattabilita-e-la-creazione-dimpresa-2\/gestire-e-far-crescere-limpresa-controllo-di-gestione-finanza-agevolata-e-fondamenti-di-pianificazione-strategica\/#breadcrumb\"},\"inLanguage\":\"it-IT\",\"potentialAction\":[{\"@type\":\"ReadAction\",\"target\":[\"https:\/\/www.pianetasicurezza.it\/formazione\/competenze-imprenditoriali-per-loccupabilita-ladattabilita-e-la-creazione-dimpresa-2\/gestire-e-far-crescere-limpresa-controllo-di-gestione-finanza-agevolata-e-fondamenti-di-pianificazione-strategica\/\"]}]},{\"@type\":\"BreadcrumbList\",\"@id\":\"https:\/\/www.pianetasicurezza.it\/formazione\/competenze-imprenditoriali-per-loccupabilita-ladattabilita-e-la-creazione-dimpresa-2\/gestire-e-far-crescere-limpresa-controllo-di-gestione-finanza-agevolata-e-fondamenti-di-pianificazione-strategica\/#breadcrumb\",\"itemListElement\":[{\"@type\":\"ListItem\",\"position\":1,\"name\":\"Home\",\"item\":\"https:\/\/www.pianetasicurezza.it\/formazione\/\"},{\"@type\":\"ListItem\",\"position\":2,\"name\":\"Competenze imprenditoriali per l\u2019occupabilit\u00e0, l&#8217;adattabilit\u00e0 e la creazione d\u2019impresa\",\"item\":\"https:\/\/www.pianetasicurezza.it\/formazione\/competenze-imprenditoriali-per-loccupabilita-ladattabilita-e-la-creazione-dimpresa-2\/\"},{\"@type\":\"ListItem\",\"position\":3,\"name\":\"Gestire e far crescere l\u2019impresa \u2013 Controllo di gestione, finanza agevolata e fondamenti di pianificazione strategica\"}]},{\"@type\":\"WebSite\",\"@id\":\"https:\/\/www.pianetasicurezza.it\/formazione\/#website\",\"url\":\"https:\/\/www.pianetasicurezza.it\/formazione\/\",\"name\":\"Formazione | Pianeta Sicurezza Srl\",\"description\":\"\",\"potentialAction\":[{\"@type\":\"SearchAction\",\"target\":{\"@type\":\"EntryPoint\",\"urlTemplate\":\"https:\/\/www.pianetasicurezza.it\/formazione\/?s={search_term_string}\"},\"query-input\":\"required name=search_term_string\"}],\"inLanguage\":\"it-IT\"}]}<\/script>\n<!-- \/ Yoast SEO plugin. -->","yoast_head_json":{"title":"Gestire e far crescere l\u2019impresa","description":"Formazione gratutia - Donne - Competenze Digitali - InformaticaIl corso \u00e8 rivolto a rivolto a imprenditori, professionisti vari, responsabili SGQ, HSE, tecnici ambientali, responsabili dei processi aziendali interessati ad acquisire competenze utili ad introdurre\/applicare sistemi di gestione della sostenibilit\u00e0 ambientale\/meccanismi di gestione integrata sostenibile di politiche aziendali per la qualit\u00e0.","robots":{"index":"index","follow":"follow","max-snippet":"max-snippet:-1","max-image-preview":"max-image-preview:large","max-video-preview":"max-video-preview:-1"},"canonical":"https:\/\/www.pianetasicurezza.it\/formazione\/competenze-imprenditoriali-per-loccupabilita-ladattabilita-e-la-creazione-dimpresa-2\/gestire-e-far-crescere-limpresa-controllo-di-gestione-finanza-agevolata-e-fondamenti-di-pianificazione-strategica\/","og_locale":"it_IT","og_type":"article","og_title":"Gestire e far crescere l\u2019impresa","og_description":"Formazione gratutia - Donne - Competenze Digitali - InformaticaIl corso \u00e8 rivolto a rivolto a imprenditori, professionisti vari, responsabili SGQ, HSE, tecnici ambientali, responsabili dei processi aziendali interessati ad acquisire competenze utili ad introdurre\/applicare sistemi di gestione della sostenibilit\u00e0 ambientale\/meccanismi di gestione integrata sostenibile di politiche aziendali per la qualit\u00e0.","og_url":"https:\/\/www.pianetasicurezza.it\/formazione\/competenze-imprenditoriali-per-loccupabilita-ladattabilita-e-la-creazione-dimpresa-2\/gestire-e-far-crescere-limpresa-controllo-di-gestione-finanza-agevolata-e-fondamenti-di-pianificazione-strategica\/","og_site_name":"Formazione | Pianeta Sicurezza Srl","article_modified_time":"2025-02-26T11:25:46+00:00","twitter_card":"summary_large_image","twitter_misc":{"Tempo di lettura stimato":"4 minuti"},"schema":{"@context":"https:\/\/schema.org","@graph":[{"@type":"WebPage","@id":"https:\/\/www.pianetasicurezza.it\/formazione\/competenze-imprenditoriali-per-loccupabilita-ladattabilita-e-la-creazione-dimpresa-2\/gestire-e-far-crescere-limpresa-controllo-di-gestione-finanza-agevolata-e-fondamenti-di-pianificazione-strategica\/","url":"https:\/\/www.pianetasicurezza.it\/formazione\/competenze-imprenditoriali-per-loccupabilita-ladattabilita-e-la-creazione-dimpresa-2\/gestire-e-far-crescere-limpresa-controllo-di-gestione-finanza-agevolata-e-fondamenti-di-pianificazione-strategica\/","name":"Gestire e far crescere l\u2019impresa","isPartOf":{"@id":"https:\/\/www.pianetasicurezza.it\/formazione\/#website"},"datePublished":"2024-09-03T09:00:30+00:00","dateModified":"2025-02-26T11:25:46+00:00","description":"Formazione gratutia - Donne - Competenze Digitali - InformaticaIl corso \u00e8 rivolto a rivolto a imprenditori, professionisti vari, responsabili SGQ, HSE, tecnici ambientali, responsabili dei processi aziendali interessati ad acquisire competenze utili ad introdurre\/applicare sistemi di gestione della sostenibilit\u00e0 ambientale\/meccanismi di gestione integrata sostenibile di politiche aziendali per la qualit\u00e0.","breadcrumb":{"@id":"https:\/\/www.pianetasicurezza.it\/formazione\/competenze-imprenditoriali-per-loccupabilita-ladattabilita-e-la-creazione-dimpresa-2\/gestire-e-far-crescere-limpresa-controllo-di-gestione-finanza-agevolata-e-fondamenti-di-pianificazione-strategica\/#breadcrumb"},"inLanguage":"it-IT","potentialAction":[{"@type":"ReadAction","target":["https:\/\/www.pianetasicurezza.it\/formazione\/competenze-imprenditoriali-per-loccupabilita-ladattabilita-e-la-creazione-dimpresa-2\/gestire-e-far-crescere-limpresa-controllo-di-gestione-finanza-agevolata-e-fondamenti-di-pianificazione-strategica\/"]}]},{"@type":"BreadcrumbList","@id":"https:\/\/www.pianetasicurezza.it\/formazione\/competenze-imprenditoriali-per-loccupabilita-ladattabilita-e-la-creazione-dimpresa-2\/gestire-e-far-crescere-limpresa-controllo-di-gestione-finanza-agevolata-e-fondamenti-di-pianificazione-strategica\/#breadcrumb","itemListElement":[{"@type":"ListItem","position":1,"name":"Home","item":"https:\/\/www.pianetasicurezza.it\/formazione\/"},{"@type":"ListItem","position":2,"name":"Competenze imprenditoriali per l\u2019occupabilit\u00e0, l&#8217;adattabilit\u00e0 e la creazione d\u2019impresa","item":"https:\/\/www.pianetasicurezza.it\/formazione\/competenze-imprenditoriali-per-loccupabilita-ladattabilita-e-la-creazione-dimpresa-2\/"},{"@type":"ListItem","position":3,"name":"Gestire e far crescere l\u2019impresa \u2013 Controllo di gestione, finanza agevolata e fondamenti di pianificazione strategica"}]},{"@type":"WebSite","@id":"https:\/\/www.pianetasicurezza.it\/formazione\/#website","url":"https:\/\/www.pianetasicurezza.it\/formazione\/","name":"Formazione | Pianeta Sicurezza Srl","description":"","potentialAction":[{"@type":"SearchAction","target":{"@type":"EntryPoint","urlTemplate":"https:\/\/www.pianetasicurezza.it\/formazione\/?s={search_term_string}"},"query-input":"required name=search_term_string"}],"inLanguage":"it-IT"}]}},"_links":{"self":[{"href":"https:\/\/pianeta.extrawebapp.it\/formazione\/wp-json\/wp\/v2\/pages\/8401"}],"collection":[{"href":"https:\/\/pianeta.extrawebapp.it\/formazione\/wp-json\/wp\/v2\/pages"}],"about":[{"href":"https:\/\/pianeta.extrawebapp.it\/formazione\/wp-json\/wp\/v2\/types\/page"}],"author":[{"embeddable":true,"href":"https:\/\/pianeta.extrawebapp.it\/formazione\/wp-json\/wp\/v2\/users\/6"}],"replies":[{"embeddable":true,"href":"https:\/\/pianeta.extrawebapp.it\/formazione\/wp-json\/wp\/v2\/comments?post=8401"}],"version-history":[{"count":20,"href":"https:\/\/pianeta.extrawebapp.it\/formazione\/wp-json\/wp\/v2\/pages\/8401\/revisions"}],"predecessor-version":[{"id":10104,"href":"https:\/\/pianeta.extrawebapp.it\/formazione\/wp-json\/wp\/v2\/pages\/8401\/revisions\/10104"}],"up":[{"embeddable":true,"href":"https:\/\/pianeta.extrawebapp.it\/formazione\/wp-json\/wp\/v2\/pages\/9107"}],"wp:attachment":[{"href":"https:\/\/pianeta.extrawebapp.it\/formazione\/wp-json\/wp\/v2\/media?parent=8401"}],"curies":[{"name":"wp","href":"https:\/\/api.w.org\/{rel}","templated":true}]}}